by 21077?
32
Calculate the remainder when 39082 is divided by 129.
124
What is the remainder when 13938 is divided by 98?
22
What is the remainder when 189994 is divided by 41?
0
Calculate the remainder when 227475 is divided by 178.
169
What is the remainder when 45053 is divided by 113?
79
Calculate the remainder when 18472 is divided by 28.
20
What is the remainder when 5297 is divided by 243?
194
Calculate the remainder when 28047 is divided by 7003.
35
What is the remainder when 9427 is divided by 58?
31
What is the remainder when 253679 is divided by 35?
34
What is the remainder when 25783 is divided by 5154?
13
Calculate the remainder when 2537599 is divided by 976.
975
What is the remainder when 44819 is divided by 307?
304
Calculate the remainder when 8272 is divided by 1377.
10
Calculate the remainder when 369095 is divided by 104.
103
Calculate the remainder when 217419 is divided by 70.
69
What is the remainder when 4739 is divided by 763?
161
Calculate the remainder when 107402 is divided by 44.
42
What is the remainder when 1525 is divided by 1389?
136
What is the remainder when 31006 is divided by 57?
55
What is the remainder when 72804 is divided by 617?
615
What is the remainder when 11791 is divided by 75?
16
What is the remainder when 2775001 is divided by 231?
229
Calculate the remainder when 15700 is divided by 28.
20
Calculate the remainder when 310939 is divided by 3.
1
Calculate the remainder when 3543 is divided by 3274.
269
Calculate the remainder when 12508 is divided by 11422.
1086
What is the remainder when 7070 is divided by 228?
2
What is the remainder when 29468 is divided by 14726?
16
What is the remainder when 11681 is divided by 1925?
131
What is the remainder when 30303 is divided by 635?
458
What is the remainder when 914 is divided by 780?
134
Calculate the remainder when 23558 is divided by 380.
378
Calculate the remainder when 1801 is divided by 1029.
772
What is the remainder when 9793 is divided by 70?
63
Calculate the remainder when 283 is divided by 43.
25
Calculate the remainder when 14386 is divided by 166.
110
Calculate the remainder when 235599 is divided by 139.
133
Calculate the remainder when 919 is divided by 135.
109
Calculate the remainder when 36807 is divided by 37.
29
What is the remainder when 5539 is divided by 167?
28
Calculate the remainder when 889437 is divided by 12.
9
Calculate the remainder when 92686 is divided by 304.
270
What is the remainder when 57332 is divided by 28617?
98
What is the remainder when 3576 is divided by 359?
345
What is the remainder when 509 is divided by 234?
41
What is the remainder when 584111 is divided by 849?
848
What is the remainder when 25582 is divided by 1720?
1502
What is the remainder when 10586 is divided by 3516?
38
What is the remainder when 156 is divided by 27?
21
What is the remainder when 43298 is divided by 53?
50
Calculate the remainder when 17639 is divided by 205.
9
What is the remainder when 3264 is divided by 151?
93
What is the remainder when 1930994 is divided by 146?
144
Calculate the remainder when 1321 is divided by 113.
78
Calculate the remainder when 19740 is divided by 563.
35
What is the remainder when 296 is divided by 251?
45
Calculate the remainder when 116946 is divided by 90.
36
Calculate the remainder when 3960 is divided by 746.
230
Calculate the remainder when 6158 is divided by 6091.
67
What is the remainder when 273151 is divided by 88?
87
Calculate the remainder when 5608 is divided by 327.
49
Calculate the remainder when 428 is divided by 178.
72
What is the remainder when 79909 is divided by 176?
5
Calculate the remainder when 190754 is divided by 88.
58
What is the remainder when 3937 is divided by 52?
37
Calculate the remainder when 4120 is divided by 85.
40
What is the remainder when 6136 is divided by 1530?
16
Calculate the remainder when 51597 is divided by 3683.
35
Calculate the remainder when 89885 is divided by 29957.
14
What is the remainder when 1806 is divided by 321?
201
Calculate the remainder when 10959 is divided by 1530.
249
What is the remainder when 17578 is divided by 399?
22
What is the remainder when 17349 is divided by 147?
3
Calculate the remainder when 20965 is divided by 1945.
1515
What is the remainder when 101689 is divided by 284?
17
Calculate the remainder when 1907 is divided by 49.
45
What is the remainder when 725238 is divided by 26?
20
What is the remainder when 31917 is divided by 56?
53
What is the remainder when 3959 is divided by 100?
59
What is the remainder when 414526 is divided by 109?
108
What is the remainder when 28622 is divided by 990?
902
Calculate the remainder when 164687 is divided by 49.
47
Calculate the remainder when 611 is divided by 99.
17
What is the remainder when 45010 is divided by 224?
210
Calculate the remainder when 5757 is divided by 229.
32
Calculate the remainder when 52893 is divided by 96.
93
Calculate the remainder when 342 is divided by 172.
170
Calculate the remainder when 131544 is divided by 43841.
21
Calculate the remainder when 3839 is divided by 151.
64
Calculate the remainder when 8779 is divided by 4284.
211
Calculate the remainder when 129994 is divided by 650.
644
What is the remainder when 20376 is divided by 5092?
8
Calculate the remainder when 11318 is divided by 123.
2
What is the remainder when 1826 is divided by 852?
122
Calculate the remainder when 18051 is divided by 2255.
11
Calculate the remainder when 95744 is divided by 31886.
86
What is the remainder when 14785 is divided by 60?
25
What is the remainder when 97440 is divided by 833?
812
What is the remainder when 1029 is divided by 185?
104
Calculate the remainder when 534872 is divided by 348.
344
What is the remainder when 15092 is divided by 387?
386
What is the remainder when 8959 is divided by 14?
13
Calculate the remainder when 54094 is divided by 138.
136
What is the remainder when 8377 is divided by 121?
28
Calculate the remainder when 44250 is divided by 46.
44
What is the remainder when 26529 is divided by 8820?
69
What is the remainder when 4030 is divided by 295?
195
Calculate the remainder when 20794 is divided by 904.
2
What is the remainder when 2005 is divided by 202?
187
Calculate the remainder when 17608 is divided by 332.
12
What is the remainder when 1493 is divided by 1433?
60
Calculate the remainder when 102026 is divided by 9.
2
Calculate the remainder when 380 is divided by 377.
3
What is the remainder when 206525 is divided by 68838?
11
What is the remainder when 45590 is divided by 15194?
8
Calculate the remainder when 53815 is divided by 2562.
13
Calculate the remainder when 96124 is divided by 126.
112
What is the remainder when 184534 is divided by 699?
697
Calculate the remainder when 126031 is divided by 10501.
19
What is the remainder when 42307 is divided by 258?
253
Calculate the remainder when 1251 is divided by 11.
8
What is the remainder when 2181 is divided by 28?
25
What is the remainder when 421226 is divided by 7?
1
Calculate the remainder when 19024 is divided by 3802.
14
What is the remainder when 3632 is divided by 1058?
458
Calculate the remainder when 4431 is divided by 471.
192
Calculate the remainder when 442697 is divided by 4974.
11
Calculate the remainder when 7231 is divided by 651.
70
Calculate the remainder when 3099 is divided by 1492.
115
What is the remainder when 389 is divided by 277?
112
What is the remainder when 627662 is divided by 4755?
2
What is the remainder when 16318 is divided by 256?
190
Calculate the remainder when 65892 is divided by 69.
66
What is the remainder when 69736 is divided by 177?
175
What is the remainder when 6290 is divided by 2705?
880
Calculate the remainder when 10921 is divided by 1362.
25
What is the remainder when 140534 is divided by 29?
0
Calculate the remainder when 1131 is divided by 242.
163
What is the remainder when 17147 is divided by 1904?
11
What is the remainder when 13691 is divided by 2738?
1
What is the remainder when 1230 is divided by 614?
2
What is the remainder when 362735 is divided by 22?
21
Calculate the remainder when 2923396 is divided by 30.
16
Calculate the remainder when 32128 is divided by 54.
52
What is the remainder when 69661 is divided by 30?